isor of 40812 and 57.
57
Calculate the greatest common factor of 1484 and 2597.
371
What is the highest common factor of 32 and 54864?
16
Calculate the highest common factor of 4437 and 8857.
17
What is the greatest common factor of 4086 and 5202?
18
What is the highest common factor of 39320 and 20?
20
Calculate the highest common factor of 1577 and 436.
1
Calculate the highest common factor of 270 and 20142.
54
Calculate the highest common factor of 190 and 9766.
38
What is the greatest common factor of 69006 and 322?
14
Calculate the greatest common factor of 14193 and 2023291.
1577
What is the highest common divisor of 13 and 25363?
13
What is the highest common divisor of 117685 and 5?
5
What is the greatest common factor of 351768 and 48?
24
What is the greatest common divisor of 75 and 86675?
25
What is the greatest common factor of 34 and 2128417?
17
What is the highest common divisor of 30586 and 410?
82
Calculate the highest common divisor of 342159 and 12.
3
Calculate the greatest common factor of 42 and 67809.
21
Calculate the highest common divisor of 175471 and 3865.
773
What is the greatest common factor of 24299 and 22?
11
What is the highest common divisor of 12080 and 4680?
40
Calculate the highest common divisor of 61805 and 423.
47
Calculate the highest common factor of 447408 and 13.
13
What is the highest common factor of 2031376 and 16?
16
Calculate the highest common factor of 12736 and 1264.
16
Calculate the greatest common factor of 6534 and 270.
54
Calculate the greatest common factor of 60438 and 24.
6
What is the greatest common factor of 12 and 19194?
6
What is the highest common factor of 13 and 3493048?
13
Calculate the highest common divisor of 14 and 2608214.
14
What is the highest common divisor of 35878 and 6?
2
Calculate the greatest common factor of 54 and 1732761.
9
Calculate the highest common factor of 302128 and 736.
368
What is the greatest common factor of 405 and 86715?
45
What is the highest common divisor of 2272 and 519720?
568
What is the highest common divisor of 21158 and 5960?
298
Calculate the greatest common factor of 5 and 23615.
5
What is the greatest common divisor of 22 and 416350?
22
What is the highest common factor of 80 and 8390?
10
Calculate the greatest common divisor of 88 and 77704.
88
Calculate the highest common factor of 25301 and 16.
1
Calculate the greatest common factor of 116375 and 245.
245
Calculate the greatest common factor of 26 and 166023.
13
What is the greatest common divisor of 16 and 229728?
16
Calculate the highest common divisor of 3248 and 3625.
29
Calculate the greatest common divisor of 3420 and 1440.
180
What is the highest common divisor of 62 and 2666?
62
What is the greatest common divisor of 2279840 and 160?
160
What is the highest common divisor of 3 and 645362?
1
What is the highest common factor of 530634 and 78?
78
What is the greatest common factor of 2964186 and 18?
18
Calculate the greatest common divisor of 921652 and 76.
76
What is the greatest common divisor of 240 and 830550?
30
What is the greatest common factor of 31297 and 49?
7
What is the highest common divisor of 132610 and 5215?
745
Calculate the greatest common factor of 11067 and 54281.
527
What is the highest common divisor of 42444 and 7452?
324
What is the greatest common divisor of 940 and 34780?
940
What is the greatest common divisor of 54 and 33129?
27
What is the greatest common factor of 595 and 3655?
85
What is the greatest common factor of 1156 and 990692?
1156
Calculate the greatest common divisor of 2115745 and 190.
95
What is the greatest common factor of 46156 and 132?
44
What is the greatest common factor of 48254 and 46?
46
Calculate the greatest common divisor of 910 and 43316.
182
Calculate the greatest common divisor of 67230 and 27.
27
Calculate the highest common divisor of 3940 and 26260.
20
What is the greatest common factor of 1820 and 283738?
182
What is the greatest common divisor of 26 and 2284451?
13
Calculate the highest common divisor of 16377 and 795.
159
What is the greatest common divisor of 105 and 40173?
21
What is the highest common factor of 404 and 12?
4
What is the highest common divisor of 572 and 24442?
22
Calculate the highest common factor of 28250 and 5198.
226
Calculate the greatest common factor of 93067 and 52.
13
Calculate the greatest common divisor of 86 and 1075.
43
Calculate the greatest common divisor of 672 and 36484.
28
What is the greatest common divisor of 3131 and 93?
31
What is the greatest common divisor of 1053 and 201669?
39
Calculate the greatest common divisor of 484585 and 425.
85
Calculate the greatest common factor of 24892 and 112.
28
What is the greatest common divisor of 203 and 179394?
29
Calculate the greatest common divisor of 750 and 14750.
250
Calculate the greatest common factor of 42496 and 3072.
512
Calculate the greatest common factor of 103326 and 918.
102
Calculate the highest common divisor of 22 and 8433062.
22
Calculate the highest common factor of 130 and 138216.
26
Calculate the highest common divisor of 1249793 and 53.
53
What is the greatest common divisor of 642906 and 297?
99
What is the highest common factor of 656 and 106272?
656
What is the highest common factor of 4176 and 32?
16
Calculate the highest common divisor of 4949 and 4410.
49
What is the greatest common divisor of 529 and 9568?
23
Calculate the highest common factor of 731 and 1260631.
43
What is the highest common factor of 44826 and 744?
186
Calculate the highest common factor of 32 and 23.
1
Calculate the greatest common divisor of 81585 and 518.
259
What is the highest common divisor of 2320 and 4496?
16
Calculate the highest common factor of 96 and 30372.
12
What is the greatest common factor of 6132 and 41172?
876
What is the greatest common divisor of 15792 and 20832?
336
Calculate the greatest common divisor of 462 and 21098.
154
Calculate the greatest common divisor of 130668 and 228.
12
Calculate the greatest common divisor of 66379 and 5371.
41
What is the greatest common divisor of 6235 and 32680?
215
What is the highest common divisor of 358155 and 280?
35
What is the highest common divisor of 885 and 2385?
15
Calculate the greatest common factor of 1248 and 1746.
6
Calculate the greatest common divisor of 136016 and 32.
16
Calculate the greatest common factor of 113698 and 182.
26
What is the greatest common divisor of 4094760 and 120?
120
Calculate the highest common divisor of 10 and 1277130.
10
Calculate the greatest common factor of 165928 and 476.
28
What is the highest common divisor of 44 and 74168?
4
Calculate the highest common divisor of 422370 and 230.
10
What is the highest common divisor of 75 and 218775?
75
What is the greatest common divisor of 408 and 230248?
136
What is the greatest common divisor of 1325 and 425?
25
What is the highest common divisor of 156 and 209742?
78
What is the highest common divisor of 72 and 2528892?
36
What is the greatest common factor of 16 and 175288?
8
Calculate the highest common divisor of 2176 and 13647872.
2176
What is the greatest common divisor of 47 and 2723321?
47
What is the highest common divisor of 17056 and 410?
82
Calculate the highest common divisor of 263057 and 19193.
1129
Calculate the highest common factor of 75346 and 606.
202
Calculate the highest common factor of 1121 and 3776.
59
Calculate the greatest common divisor of 27474 and 570.
114
Calculate the greatest common factor of 185633 and 161.
161
Calculate the greatest common divisor of 12818 and 174.
58
What is the highest common divisor of 1609992 and 168?
24
What is the greatest common factor of 328874 and 42?
14
What is the greatest common factor of 33 and 6809?
11
What is the greatest common divisor of 30 and 122530?
10
Calculate the highest common divisor of 118 and 30.
2
What is the greatest common factor of 112 and 175280?
112
Calculate the highest common factor of 140 and 415856.
28
What is the greatest common divisor of 67 and 1588168?
67
Calculate the highest common factor of 3498 and 449016.
318
Calculate the greatest common factor of 45014 and 2536.
634
What is the greatest common divisor of 26358 and 138?
138
What is the highest common factor of 230293 and 19873?
1169
Calculat